{"id":955,"date":"2012-02-10T19:05:47","date_gmt":"2012-02-10T19:05:47","guid":{"rendered":"http:\/\/historypressfaroeislands.com\/dansk\/"},"modified":"2012-02-10T19:05:47","modified_gmt":"2012-02-10T19:05:47","slug":"faeroeske-fortidsminder-gar-til-havs","status":"publish","type":"page","link":"https:\/\/historypressfaroeislands.com\/dansk\/downloads\/faeroerne\/faeroeske-fortidsminder-gar-til-havs\/","title":{"rendered":"F\u00e6r\u00f8ske fortidsminder g\u00e5r til havs"},"content":{"rendered":"<p><span style=\"color: #ffffff;\">\u2022 <\/span><br \/>\n<a href=\"http:\/\/historypressfaroeislands.com\/images\/1\/Faeroeske_fortidsminder_gaar_til_havs.pdf\" target=\"_blank\"><img loading=\"lazy\" decoding=\"async\" class=\"alignleft\" src=\"http:\/\/historypressfaroeislands.com\/images\/1\/fortidsminder_gaar_til_havs.jpg\" alt=\"\" width=\"230\" height=\"270\" \/><\/a><em>Steffen Stummann Hansen:<\/em><br \/>\nF\u00e6r\u00f8ske fortidsminder g\u00e5r til havs.<br \/>\nAktuel Ark\u00e6ologi 7, 2005, 30-32.<\/p>\n<p>\u2022 <a href=\"http:\/\/historypressfaroeislands.com\/images\/1\/Faeroeske_fortidsminder_gaar_til_havs.pdf\" target=\"_blank\">Download artiklen gratis i pdf-format her<\/a><br \/>\n<span style=\"color: #ffffff;\">\u2022 <\/span><br \/>\n<span style=\"color: #ffffff;\">\u2022 <\/span><br \/>\n<span style=\"color: #ffffff;\">\u2022 <\/span><br \/>\n<span style=\"color: #ffffff;\">\u2022 <\/span><br \/>\n<span style=\"color: #ffffff;\">\u2022 <\/span><br \/>\n<span style=\"color: #ffffff;\">\u2022 <\/span><br \/>\n<span style=\"color: #ffffff;\">\u2022 <\/span><br \/>\n<span style=\"color: #ffffff;\">\u2022 <\/span><br \/>\nGeografisk set er F\u00e6r\u00f8erne karakteriseret ved en kystbunden  bebyggelse. Den 1.117 kilometer lange kystlinie og de jordfaste  fortidsminder, der befinder sig p\u00e5 den, er konstant udsat for en  s\u00e6rdeles kraftig vind-, ferskvands- og haverosion. I denne sammenh\u00e6ng  kan F\u00e6r\u00f8erne i vidt omfang sammenlignes med de skotske \u00f8grupper  Hebriderne, Orkney og Shetland. Artiklen gennemg\u00e5r en r\u00e6kke konkrete  eksempler p\u00e5 fortidsminder, der er akut truede af erosionen, og  opfordrer til, at der tages de n\u00f8dvendige politiske tiltag for at sikre  denne del af F\u00e6r\u00f8ernes ark\u00e6ologiske kulturarv.<\/p>\n<p>En artikel i n\u00e6sten identisk form blev under titlen &#8220;Kulturarv falder i havet&#8221; trykt i <em>Dimmal\u00e6tting<\/em> (31.03.2004, 10), <em>Sosialurin<\/em> (31.03.2004, 18-19), <em>Oyggjat\u00ed\u00f0indi<\/em> (31.03., 8-10) og <em>Vikubla\u00f0i\u00f0<\/em> (06.04,2004, 18-19).<\/p>\n","protected":false},"excerpt":{"rendered":"<p>\u2022 Steffen Stummann Hansen: F\u00e6r\u00f8ske fortidsminder g\u00e5r til havs. Aktuel Ark\u00e6ologi 7, 2005, 30-32. \u2022 Download artiklen gratis i pdf-format her \u2022 \u2022 \u2022 \u2022 \u2022 \u2022 \u2022 \u2022 Geografisk set er F\u00e6r\u00f8erne karakteriseret ved en kystbunden bebyggelse. Den 1.117 &hellip; <a href=\"https:\/\/historypressfaroeislands.com\/dansk\/downloads\/faeroerne\/faeroeske-fortidsminder-gar-til-havs\/\">Continue reading <span class=\"meta-nav\">&rarr;<\/span><\/a><\/p>\n","protected":false},"author":4,"featured_media":0,"parent":327,"menu_order":0,"comment_status":"closed","ping_status":"closed","template":"","meta":{"footnotes":""},"class_list":["post-955","page","type-page","status-publish","hentry"],"_links":{"self":[{"href":"https:\/\/historypressfaroeislands.com\/dansk\/wp-json\/wp\/v2\/pages\/955","targetHints":{"allow":["GET"]}}],"collection":[{"href":"https:\/\/historypressfaroeislands.com\/dansk\/wp-json\/wp\/v2\/pages"}],"about":[{"href":"https:\/\/historypressfaroeislands.com\/dansk\/wp-json\/wp\/v2\/types\/page"}],"author":[{"embeddable":true,"href":"https:\/\/historypressfaroeislands.com\/dansk\/wp-json\/wp\/v2\/users\/4"}],"replies":[{"embeddable":true,"href":"https:\/\/historypressfaroeislands.com\/dansk\/wp-json\/wp\/v2\/comments?post=955"}],"version-history":[{"count":0,"href":"https:\/\/historypressfaroeislands.com\/dansk\/wp-json\/wp\/v2\/pages\/955\/revisions"}],"up":[{"embeddable":true,"href":"https:\/\/historypressfaroeislands.com\/dansk\/wp-json\/wp\/v2\/pages\/327"}],"wp:attachment":[{"href":"https:\/\/historypressfaroeislands.com\/dansk\/wp-json\/wp\/v2\/media?parent=955"}],"curies":[{"name":"wp","href":"https:\/\/api.w.org\/{rel}","templated":true}]}}

Færøske fortidsminder går til havs

<p><span style="color: #ffffff;">• </span><br />
<a href="http://historypressfaroeislands.com/images/1/Faeroeske_fortidsminder_gaar_til_havs.pdf" target="_blank"><img loading="lazy" decoding="async" class="alignleft" src="http://historypressfaroeislands.com/images/1/fortidsminder_gaar_til_havs.jpg" alt="" width="230" height="270" /></a><em>Steffen Stummann Hansen:</em><br />
Færøske fortidsminder går til havs.<br />
Aktuel Arkæologi 7, 2005, 30-32.</p>
<p>• <a href="http://historypressfaroeislands.com/images/1/Faeroeske_fortidsminder_gaar_til_havs.pdf" target="_blank">Download artiklen gratis i pdf-format her</a><br />
<span style="color: #ffffff;">• </span><br />
<span style="color: #ffffff;">• </span><br />
<span style="color: #ffffff;">• </span><br />
<span style="color: #ffffff;">• </span><br />
<span style="color: #ffffff;">• </span><br />
<span style="color: #ffffff;">• </span><br />
<span style="color: #ffffff;">• </span><br />
<span style="color: #ffffff;">• </span><br />
Geografisk set er Færøerne karakteriseret ved en kystbunden  bebyggelse. Den 1.117 kilometer lange kystlinie og de jordfaste  fortidsminder, der befinder sig på den, er konstant udsat for en  særdeles kraftig vind-, ferskvands- og haverosion. I denne sammenhæng  kan Færøerne i vidt omfang sammenlignes med de skotske øgrupper  Hebriderne, Orkney og Shetland. Artiklen gennemgår en række konkrete  eksempler på fortidsminder, der er akut truede af erosionen, og  opfordrer til, at der tages de nødvendige politiske tiltag for at sikre  denne del af Færøernes arkæologiske kulturarv.</p>
<p>En artikel i næsten identisk form blev under titlen &#8220;Kulturarv falder i havet&#8221; trykt i <em>Dimmalætting</em> (31.03.2004, 10), <em>Sosialurin</em> (31.03.2004, 18-19), <em>Oyggjatíðindi</em> (31.03., 8-10) og <em>Vikublaðið</em> (06.04,2004, 18-19).</p>

<p>• Steffen Stummann Hansen: Færøske fortidsminder går til havs. Aktuel Arkæologi 7, 2005, 30-32. • Download artiklen gratis i pdf-format her • • • • • • • • Geografisk set er Færøerne karakteriseret ved en kystbunden bebyggelse. Den 1.117 &hellip; <a href="https://historypressfaroeislands.com/dansk/downloads/faeroerne/faeroeske-fortidsminder-gar-til-havs/">Continue reading <span class="meta-nav">&rarr;</span></a></p>
