{"id":871,"date":"2012-01-17T22:27:32","date_gmt":"2012-01-17T22:27:32","guid":{"rendered":"http:\/\/historypressfaroeislands.com\/dansk\/"},"modified":"2012-01-17T22:27:32","modified_gmt":"2012-01-17T22:27:32","slug":"folk-i-leirvik-i-1901-dansk","status":"publish","type":"page","link":"https:\/\/historypressfaroeislands.com\/dansk\/forlagets-udgivelser\/folk-i-leirvik-i-1901\/folk-i-leirvik-i-1901-dansk\/","title":{"rendered":"F\u00f3lk \u00ed Leirv\u00edk \u00ed 1901 &#8211; Dansk"},"content":{"rendered":"<h2 style=\"text-align: center;\"><a title=\"Folk i Leirvik. Bog om Leirvik med gamle fotos af folkini i Leirvik.\" href=\"http:\/\/historypressfaroeislands.com\/dansk\/kontakt\/\"><img decoding=\"async\" class=\"alignleft size-medium wp-image-244\" title=\"F\u00f3lk \u00ed Leirv\u00edk \u00ed 1901 \u2013 \u00ed myndum og teksti. Bog om Leirvik med gamle fotos fra Leirvik \u00e5r 1901.\" src=\"http:\/\/historypressfaroeislands.com\/images\/folk-i-leirvik-1901-4.jpg\" alt=\"F\u00f3lk \u00ed Leirv\u00edk \u00ed 1901 \u2013 \u00ed myndum og teksti\" \/><\/a><strong>F\u00f3lk \u00ed Leirv\u00edk \u00ed 1901<\/strong><br \/>\n\u2013 \u00ed myndum og teksti<\/h2>\n<p style=\"text-align: center;\"><em>Steffen Stummann Hansen<br \/>\n&amp;<br \/>\nKristian Martin Eliasen<\/em><\/p>\n<p style=\"text-align: center;\">Forlagi\u00f0 S\u00f8ga F\u00f8roya\/<br \/>\nHistory Press Faroe Islands 2010<\/p>\n<p>\u2022  Format: 17,0 x 24,0 cm.<br \/>\n\u2022  416 sider, 379 ill. (farve)<br \/>\n\u2022  Pris: 450,00 kr. (+ forsendelse)<br \/>\n\u2022  <a href=\"http:\/\/historypressfaroeislands.com\/dansk\/kontakt\/\">Bogen kan bestilles her<\/a><\/p>\n<p>Hvor fotografiet i begyndelsen var forbeholdt de \u00f8vre lag i samfundet, begyndte det i \u00e5rtierne omkring \u00e5r 1900 for alvor at blive hver mands eje p\u00e5 F\u00e6r\u00f8erne. Folk begyndte nu at valfarte til den h\u00e5ndfuld af \u2013 fortrinsvis kvindelige \u2013 fotografer, der havde etableret sig rundt omkring p\u00e5 \u00f8erne. Hermed var eftertiden i princippet blevet sikret et visuelt indblik i periodens kulturhistorie.<\/p>\n<p>Forfatterne har igennem flere \u00e5rs indsamling af fotografier fors\u00f8gt at s\u00e6tte billeder p\u00e5 de 309 indbyggere, der opholdt sig i bygden Leirv\u00edk ved folket\u00e6llingen i 1901. Dette har resulteret i et unikt visuelt tv\u00e6rsnit af bygdens historie, pr\u00e6senteret gennem n\u00e6sten fire hundrede gamle personfotografier.<\/p>\n<p>Bogen er et resultat af samarbejdet mellem forfatterne og lokale milj\u00f8er prim\u00e6rt p\u00e5 F\u00e6r\u00f8erne. Det er h\u00e5bet, at bogen kan v\u00e6re med til at g\u00f8re denne del af den f\u00e6r\u00f8ske kulturarv n\u00e6rv\u00e6rende for et st\u00f8rre publikum og inspirere andre til at arbejde videre med fotografiens og fotografernes historie p\u00e5 F\u00e6r\u00f8erne.?<\/p>\n<p>Eksempler fra bogen:<\/p>\n<table border=\"0\" cellspacing=\"0\" cellpadding=\"0\" width=\"560\" bgcolor=\"#dde8ff\">\n<tbody>\n<tr>\n<td>\n<div><a href=\"http:\/\/historypressfaroeislands.com\/images\/samples\/Folk-I-Leirvik-1901-33.jpg\"><img decoding=\"async\" title=\"F\u00f3lk \u00ed Leirv\u00edk \u00ed 1901 \u2013 \u00ed myndum og teksti. Bog om Leirvik med gamle fotos fra Leirvik \u00e5r 1901.\" src=\"http:\/\/historypressfaroeislands.com\/images\/samples\/thumbs\/Folk-I-Leirvik-1901-33.jpg\" alt=\"\" \/><\/a><\/div>\n<\/td>\n<td>\n<div><a href=\"http:\/\/historypressfaroeislands.com\/images\/samples\/Folk-I-Leirvik-1901-34.jpg\"><img decoding=\"async\" title=\"F\u00f3lk \u00ed Leirv\u00edk \u00ed 1901 \u2013 \u00ed myndum og teksti. Bog om Leirvik med gamle fotos fra Leirvik \u00e5r 1901.\" src=\"http:\/\/historypressfaroeislands.com\/images\/samples\/thumbs\/Folk-I-Leirvik-1901-34.jpg\" alt=\"\" \/><\/a><\/div>\n<\/td>\n<td>\n<div><a href=\"http:\/\/historypressfaroeislands.com\/images\/samples\/Folk-I-Leirvik-1901-35.jpg\"><img decoding=\"async\" title=\"F\u00f3lk \u00ed Leirv\u00edk \u00ed 1901 \u2013 \u00ed myndum og teksti. Bog om Leirvik med gamle fotos fra Leirvik \u00e5r 1901.\" src=\"http:\/\/historypressfaroeislands.com\/images\/samples\/thumbs\/Folk-I-Leirvik-1901-35.jpg\" alt=\"\" \/><\/a><\/div>\n<\/td>\n<td>\n<div><a href=\"http:\/\/historypressfaroeislands.com\/images\/samples\/Folk-I-Leirvik-1901-36.jpg\"><img decoding=\"async\" title=\"F\u00f3lk \u00ed Leirv\u00edk \u00ed 1901 \u2013 \u00ed myndum og teksti. Bog om Leirvik med gamle fotos fra Leirvik \u00e5r 1901.\" src=\"http:\/\/historypressfaroeislands.com\/images\/samples\/thumbs\/Folk-I-Leirvik-1901-36.jpg\" alt=\"\" \/><\/a><\/div>\n<\/td>\n<td>\n<div><a href=\"http:\/\/historypressfaroeislands.com\/images\/samples\/Folk-I-Leirvik-1901-37.jpg\"><img decoding=\"async\" title=\"F\u00f3lk \u00ed Leirv\u00edk \u00ed 1901 \u2013 \u00ed myndum og teksti. Bog om Leirvik med gamle fotos fra Leirvik \u00e5r 1901.\" src=\"http:\/\/historypressfaroeislands.com\/images\/samples\/thumbs\/Folk-I-Leirvik-1901-37.jpg\" alt=\"\" \/><\/a><\/div>\n<\/td>\n<td>\n<div><a href=\"http:\/\/historypressfaroeislands.com\/images\/samples\/Folk-I-Leirvik-1901-142.jpg\"><img decoding=\"async\" title=\"F\u00f3lk \u00ed Leirv\u00edk \u00ed 1901 \u2013 \u00ed myndum og teksti. Bog om Leirvik med gamle fotos fra Leirvik \u00e5r 1901.\" src=\"http:\/\/historypressfaroeislands.com\/images\/samples\/thumbs\/Folk-I-Leirvik-1901-142.jpg\" alt=\"\" \/><\/a><\/div>\n<\/td>\n<td>\n<div><a href=\"http:\/\/historypressfaroeislands.com\/images\/samples\/Folk-I-Leirvik-1901-143.jpg\"><img decoding=\"async\" title=\"F\u00f3lk \u00ed Leirv\u00edk \u00ed 1901 \u2013 \u00ed myndum og teksti. Bog om Leirvik med gamle fotos fra Leirvik \u00e5r 1901.\" src=\"http:\/\/historypressfaroeislands.com\/images\/samples\/thumbs\/Folk-I-Leirvik-1901-143.jpg\" alt=\"\" \/><\/a><\/div>\n<\/td>\n<\/tr>\n<tr>\n<td>\n<div><a href=\"http:\/\/historypressfaroeislands.com\/images\/samples\/Folk-I-Leirvik-1901-144.jpg\"><img decoding=\"async\" src=\"http:\/\/historypressfaroeislands.com\/images\/samples\/thumbs\/Folk-I-Leirvik-1901-144.jpg\" alt=\"\" \/><\/a><\/div>\n<\/td>\n<td>\n<div><a href=\"http:\/\/historypressfaroeislands.com\/images\/samples\/Folk-I-Leirvik-1901-145.jpg\"><img decoding=\"async\" src=\"http:\/\/historypressfaroeislands.com\/images\/samples\/thumbs\/Folk-I-Leirvik-1901-145.jpg\" alt=\"\" \/><\/a><\/div>\n<\/td>\n<td>\n<div><a href=\"http:\/\/historypressfaroeislands.com\/images\/samples\/Folk-I-Leirvik-1901-146.jpg\"><img decoding=\"async\" src=\"http:\/\/historypressfaroeislands.com\/images\/samples\/thumbs\/Folk-I-Leirvik-1901-146.jpg\" alt=\"\" \/><\/a><\/div>\n<\/td>\n<td>\n<div><a href=\"http:\/\/historypressfaroeislands.com\/images\/samples\/Folk-I-Leirvik-1901-147.jpg\"><img decoding=\"async\" src=\"http:\/\/historypressfaroeislands.com\/images\/samples\/thumbs\/Folk-I-Leirvik-1901-147.jpg\" alt=\"\" \/><\/a><\/div>\n<\/td>\n<td>\n<div><a href=\"http:\/\/historypressfaroeislands.com\/images\/samples\/Folk-I-Leirvik-1901-148.jpg\"><img decoding=\"async\" src=\"http:\/\/historypressfaroeislands.com\/images\/samples\/thumbs\/Folk-I-Leirvik-1901-148.jpg\" alt=\"\" \/><\/a><\/div>\n<\/td>\n<td>\n<div><a href=\"http:\/\/historypressfaroeislands.com\/images\/samples\/Folk-I-Leirvik-1901-149.jpg\"><img decoding=\"async\" src=\"http:\/\/historypressfaroeislands.com\/images\/samples\/thumbs\/Folk-I-Leirvik-1901-149.jpg\" alt=\"\" \/><\/a><\/div>\n<\/td>\n<td>\n<div><a href=\"http:\/\/historypressfaroeislands.com\/images\/samples\/Folk-I-Leirvik-1901-150.jpg\"><img decoding=\"async\" src=\"http:\/\/historypressfaroeislands.com\/images\/samples\/thumbs\/Folk-I-Leirvik-1901-150.jpg\" alt=\"\" \/><\/a><\/div>\n<\/td>\n<\/tr>\n<\/tbody>\n<\/table>\n<p>\u2022  <a href=\"http:\/\/historypressfaroeislands.com\/dansk\/forlagets-udgivelser\/folk-i-leirvik-i-1901\/raettingar-og-iskoyti\/\">R\u00e6ttingar og \u00cdskoyti<\/a><\/p>\n","protected":false},"excerpt":{"rendered":"<p>F\u00f3lk \u00ed Leirv\u00edk \u00ed 1901 \u2013 \u00ed myndum og teksti Steffen Stummann Hansen &amp; Kristian Martin Eliasen Forlagi\u00f0 S\u00f8ga F\u00f8roya\/ History Press Faroe Islands 2010 \u2022 Format: 17,0 x 24,0 cm. \u2022 416 sider, 379 ill. (farve) \u2022 Pris: 450,00 &hellip; <a href=\"https:\/\/historypressfaroeislands.com\/dansk\/forlagets-udgivelser\/folk-i-leirvik-i-1901\/folk-i-leirvik-i-1901-dansk\/\">Continue reading <span class=\"meta-nav\">&rarr;<\/span><\/a><\/p>\n","protected":false},"author":4,"featured_media":0,"parent":10,"menu_order":0,"comment_status":"closed","ping_status":"closed","template":"","meta":{"footnotes":""},"class_list":["post-871","page","type-page","status-publish","hentry"],"_links":{"self":[{"href":"https:\/\/historypressfaroeislands.com\/dansk\/wp-json\/wp\/v2\/pages\/871","targetHints":{"allow":["GET"]}}],"collection":[{"href":"https:\/\/historypressfaroeislands.com\/dansk\/wp-json\/wp\/v2\/pages"}],"about":[{"href":"https:\/\/historypressfaroeislands.com\/dansk\/wp-json\/wp\/v2\/types\/page"}],"author":[{"embeddable":true,"href":"https:\/\/historypressfaroeislands.com\/dansk\/wp-json\/wp\/v2\/users\/4"}],"replies":[{"embeddable":true,"href":"https:\/\/historypressfaroeislands.com\/dansk\/wp-json\/wp\/v2\/comments?post=871"}],"version-history":[{"count":0,"href":"https:\/\/historypressfaroeislands.com\/dansk\/wp-json\/wp\/v2\/pages\/871\/revisions"}],"up":[{"embeddable":true,"href":"https:\/\/historypressfaroeislands.com\/dansk\/wp-json\/wp\/v2\/pages\/10"}],"wp:attachment":[{"href":"https:\/\/historypressfaroeislands.com\/dansk\/wp-json\/wp\/v2\/media?parent=871"}],"curies":[{"name":"wp","href":"https:\/\/api.w.org\/{rel}","templated":true}]}}