{"id":807,"date":"2012-01-09T17:52:04","date_gmt":"2012-01-09T17:52:04","guid":{"rendered":"http:\/\/historypressfaroeislands.com\/dansk\/"},"modified":"2024-05-07T08:36:01","modified_gmt":"2024-05-07T08:36:01","slug":"leirviksfjall-leirvik-fjeldet","status":"publish","type":"page","link":"https:\/\/historypressfaroeislands.com\/dansk\/fortidsminder\/leirviksfjall-leirvik-fjeldet\/","title":{"rendered":"Leirv\u00edksfjall \/ Leirv\u00edk-fjeldet"},"content":{"rendered":"<p>Den gamle bygdevej mellem Leirv\u00edk og G\u00f8ta passerer i sk\u00e6ret ca. 360 m.o.h. mellem Kn\u00fakur (460 m.o.h.) og Sigatindur (614 m.o.h.). Den er markeret med en r\u00e6kke \u00e6ldgamle stenbyggede varder. P\u00e5 Leirv\u00edkssiden stiger man op gennem et landskab pr\u00e6get af ar efter \u00e5rhundreders t\u00f8rvesk\u00e6ring og overalt ses de stensatte fundamenter af de strukturer, hvor de afsk\u00e5rne t\u00f8rv blev opbevaret. Det f\u00e6r\u00f8ske ord for disse t\u00f8rveskjul er kr\u00f3gv (flertal: krajir). Ordet stammer fra det oldirske ord cr\u00f3, der har samme betydning.<\/p>\n<p>Masser af begivenheder har givetvis fundet sted langs denne vej igennem F\u00e6r\u00f8ernes historie. De fleste af disse er givetvis forl\u00e6ngst g\u00e5et i historiens glemmebog, men her skal n\u00e6vnes to dramatiske begivenheder, som vi har god dokumentation for.<\/p>\n<p>Den ene af disse fik desv\u00e6rre en fatal udgang. I kirkebogen for Eysturoy og \u201cForrretningsprotokollen for \u00d8ster\u00f8 Syssel 1836\u201d omtales, at den bare 14 \u00e5r gamle Malene Joensdatter (f. 05.03.1822) fra Leirv\u00edk den 27. marts 1836 d\u00f8de p\u00e5 vej fra kirke ved \u201cet Fald paa Leervigs Fjeld\u201d . Leirv\u00edk havde dengang ikke egen kirke, hvad der derimod fandtes p\u00e5 den anden side af fjeldet i Nor\u00f0rag\u00f8ta. Vi kender ikke de n\u00e6rmere omst\u00e6ndigheder, som f\u00f8rte til Malenes fald, men hun har antagelig mistet fodf\u00e6stet p\u00e5 grund af glat f\u00f8re, st\u00e6rk vind \u2013 eller m\u00e5ske blot et \u00f8jebliks uopm\u00e6rksomhed.<\/p>\n<p>Med den anden dramatiske begivenhed er vi imidlertid lidt bedre stillet, idet vi har et vidneudsagn fra den ene af de to hovedpersoner. J\u00f3an Carl Christian Christiansen (1854-1944) var f\u00f8dt som s\u00f8n af en kongsbonde i bygden Sk\u00e1li p\u00e5 Eysturoy og blev normalt omtalt som J\u00f3an Karl \u00e1 Sk\u00e1la. Sammen med seks af sine s\u00f8skende \u2013 tre s\u00f8stre og tre br\u00f8dre \u2013 blev J\u00f3an Karl gift til Leirv\u00edk i tidsrummet 1871-1896. Mens de seks andre s\u00f8skende kom til at leve hele deres liv i Leirv\u00edk, flyttede J\u00f3an Karl, der var kommet til Leirv\u00edk i 1870, tilbage til Sk\u00e1li i 1883 for at overtage kongsf\u00e6stet efter faderen.<br \/>\nJ\u00f3an Karl var af lav og bred bygning og \u2013 ligesom sine br\u00f8dre \u2013 kendt for at v\u00e6re en meget st\u00e6rk mand. Og dette skulle han s\u00e5 rigeligt f\u00e5 brug for, da han en vinterdag sammen med fem andre skulle g\u00e5 over fjeldet fra Leirv\u00edk til G\u00f8ta. Efter at v\u00e6re kommet over passet og p\u00e5 vej ned mod Nor\u00f0rag\u00f8ta m\u00f8dte der dem p\u00e5 kanten af hammeren lige under <a href=\"http:\/\/historypressfaroeislands.com\/dansk\/fortidsminder\/fransmannagravirnar\/\">Fransafl\u00f8ti <\/a>et overraskende syn. Historien findes nedskrevet i Sverri Paturssons (1871-1960) artikel J\u00f3an Karl \u00e1 Sk\u00e1la (Ein f\u00f8royskur \u00fatr\u00f3\u00f0a\u00f0rarma\u00f0ur), som er trykt i tidsskriftet Var\u00f0in nr. 9 (T\u00f3rshavn 1929):<\/p>\n<p>\u00bbSaman vi\u00f0 fimm \u00f8\u00f0rum monnum hev\u00f0i J\u00f3an Karl veri\u00f0 \u00ed Leirv\u00edk eftir einum n\u00fdggjum b\u00e1ti. Ta\u00f0 vi\u00f0ra\u00f0i t\u00f3 ikki at fara vi\u00f0 b\u00e1tinum og menninir f\u00f3ru heim aftur til gongu um Leirv\u00edksfjall. Kavarok var og illa framkomandi fyri gleri.<br \/>\nT\u00e1 var ta\u00f0 \u2013 fortelur J\u00f3an Karl \u2013 at vit raktu vi\u00f0 ein mann uppi \u00e1 fjallinum. Hann l\u00e1 \u00fati \u00e1 fjallatromini og einans beinini st\u00f3\u00f0u upp undan kavanum. Eg f\u00f3r so at r\u00edva hann uppundan, men ta\u00f0 t\u00f3kist ikki at vera l\u00edv \u00ed honum. F\u00fdra av teimum, i\u00f0 vi\u00f0 v\u00f3ru, f\u00f3ru fr\u00e1, t\u00ed teir hildu at hetta var eitt l\u00edk. Hin fimti f\u00f3r eisini fr\u00e1 m\u00e6r til at siga fr\u00e1 \u00ed G\u00f8tu. Eitt sindur \u00e1v sukurkandi hev\u00f0i eg eisini hj\u00e1 m\u00e6r, og t\u00e1 eg hev\u00f0i k\u00e1va\u00f0 gleri\u00f0 av andlitinum \u00e1 hesum frysta manninum, v\u00e6tti eg varrar hansara vi\u00f0 t\u00ed s\u00f8ta r\u00e1kanum av sukurkandinum, og s\u00fdntist m\u00e6r at ta\u00f0 heldur enn ikki rein vi\u00f0 hann. So leg\u00f0i eg hann so st\u00edvan sum hann var, \u00e1 baki\u00f0 og f\u00f3r til gongu vi\u00f0 honum gj\u00f8gnum r\u00f3kina, sum teir plaga at ganga vi\u00f0 neytum.<br \/>\nTa\u00f0 var ein sein gonga \u00e1 t\u00ed har\u00f0frysta kavanum vi\u00f0 hesum beinstirda mannakroppinum \u00e1 bakinum. Ikki so miki\u00f0 sum ein bandstubba hev\u00f0i eg, so eg kundi fatla hann upp \u00e1 meg. Eg hev\u00f0i einki anna\u00f0 hald \u00e1 honum uttan armarnar, sum eg hev\u00f0i knept fram um h\u00e1lsin \u00e1 m\u00e6r. Gekk so fer\u00f0in \u00e1 tann h\u00e1tt, at eg vi\u00f0 m\u00edni byr\u00f0i \u00e1 rygginum m\u00e1tti aka \u00e1 kn\u00e6 \u00e1 ovara beininum og vi\u00f0 hinum h\u00e6la spor \u00ed \u00edsin. T\u00e1 eg ums\u00ed\u00f0ir kom \u00e1 sl\u00e6tt, v\u00f3ru Nor\u00f0rag\u00f8tumenn har \u00edm\u00f3ti m\u00e6r. Ta\u00f0 vildi so til, at ma\u00f0urin kom aftur til l\u00edvs, t\u00f3 ikki ska\u00f0aleysur, hann misti naka\u00f0 av t\u00e6rnum\u00ab. (p. 41)<\/p>\n<p>\u00bbSammen med fem andre m\u00e6nd havde J\u00f3an Karl v\u00e6ret i Leirv\u00edk for at hente en ny b\u00e5d. Vejret tillod dog ikke at tage b\u00e5den, og m\u00e6ndene m\u00e5tte i stedet g\u00e5 hjem over Leirv\u00edks-fjeldet. Der var vanskeligt at g\u00e5, med kraftigt snefald og spejlglat f\u00f8re.<br \/>\nS\u00e5 h\u00e6ndte det \u2013 fort\u00e6ller J\u00f3an Karl \u2013 at vi st\u00f8dte p\u00e5 en mand oppe p\u00e5 fjeldet. Han l\u00e5 yderst p\u00e5 fjeldkanten og kun benene stak op af sneen. Jeg gik s\u00e5 igang med at tr\u00e6kke ham op, men der syntes ikke at v\u00e6re liv i ham. Fire af m\u00e6ndene, som var med, gik videre, da de mente, at der var tale om et lig. Den femte forlod mig ogs\u00e5 for at g\u00e5 ned i G\u00f8ta og fort\u00e6lle om vores fund. Jeg havde en smule sukkerkandis med mig, og da jeg havde t\u00f8rret sneen v\u00e6k fra ansigtet p\u00e5 denne forfrosne mand, v\u00e6dede jeg hans l\u00e6ber med den s\u00f8de smag af kandisen, og det forekom mig, at han r\u00f8rte lidt p\u00e5 sig. S\u00e5 lagde jeg ham, s\u00e5 stiv som han var, om p\u00e5 ryggen og begyndte at g\u00e5 med ham p\u00e5 den samme fjeldhylde, som man s\u00e6dvanligvis gik med k\u00f8erne.<br \/>\nDet var meget langsommeligt at g\u00e5 i den h\u00e5rdfrostne sne med denne kraftigt byggede mandskrop p\u00e5 ryggen. Ikke s\u00e5 meget som en stump reb havde jeg, s\u00e5 jeg kunne binde ham omkring mig. Jeg havde ikke andet at holde i end hans arme, som jeg havde trukket frem omkring min hals. Gik s\u00e5 turen p\u00e5 den m\u00e5de, at jeg med byrden p\u00e5 ryggen m\u00e5tte g\u00e5 p\u00e5 kn\u00e6 med det forreste ben og med det andet sk\u00e6re spor i isen. Da jeg omsider kom ned i fladt terr\u00e6n, kom folk fra Nor\u00f0rag\u00f8ta mig i m\u00f8de. Her h\u00e6ndte det s\u00e5, at manden atter kom til live, dog ikke uden skader, idet han mistede nogle af t\u00e6erne\u00ab. (p. 41)<\/p>\n<p><img decoding=\"async\" class=\"size-large wp-image-2475\" src=\"http:\/\/historypressfaroeislands.com\/images\/Leirviks-fjall_1.jpg\" alt=\"\" \/><\/p>\n<p><img decoding=\"async\" class=\"size-large wp-image-2475\" src=\"http:\/\/historypressfaroeislands.com\/images\/Leirviks-fjall_2.jpg\" alt=\"\" \/><\/p>\n<p>Det oplyses i Paturssons artikel ikke, hvorn\u00e5r denne begivenhed fandt sted, dog m\u00e5 man forvente, at det er sket, efter at\u00a0J\u00f3an Karl var flyttet tilbage til Sk\u00e1li i 1883. Der er imidlertid en anden kilde, som\u00a0bringer os\u00a0lidt n\u00e6rmere et \u00e5rstal for h\u00e6ndelsen.<\/p>\n<p>I sommeren 1899 bes\u00f8gte den danske agronom Peter Berend Feilberg (1835-1925) F\u00e6r\u00f8erne. Han udgav \u00e5ret efter bogen <em>Fra Lier og Fjelde. Breve til Hjemmet 1899<\/em>. Feilberg\u00a0opholdt sig 1-2 dage i G\u00f8tu, hvor han blandt andet havde f\u00f8lgende oplevelse:<\/p>\n<p>\u00bbPaa mine Udflugter i B\u00f8en tr\u00e6ffer jeg en gammel Gut, der i et besv\u00e6rligt Sprog forklarer mig Metoden for H\u00f8bjergningen; han gaar paa en lidt kejtet Maade, hvad jo her er meget us\u00e6dvanligt, og det viser sig, at han for nogle Aar siden paa en Vinterudflugt til Fjelds efter Faarene blev indesneet i en Kl\u00f8ft, hvor han laa i et Par D\u00f8gn, inden man fandt ham, og ved den Lejlighed mistede han T\u00e6erne af Koldbrand; det fort\u00e6lles med fuldkommen Sindsro, som en R\u00f8gter hjemme vilde berette, at hans Tr\u00e6sko var gaaet i Stykker\u00ab (Feilberg 1900, p. 133).<\/p>\n<p>Manden, som J\u00f3an Karl reddede den dag i fjeldet, var Hans David Poulsen (1854-1933) \u2013 \u201cLi\u00f0a D\u00e1vi\u201d \u2013 fra Nor\u00f0rag\u00f8ta.\u00a0En datter til Hans David, Elsebeth Maria Sophia Poulsen (1879-1951), blev i 1905 viet til Olaf Juul H\u00f8gnesen (1881-1936) i Leirvik. En anden datter, Elsa Cathrina Sophia Poulsen (1895-1974), blev i 1917 viet til Gabriel Petersen (1890-1963), ligeledes i Leirvik.<\/p>\n<p><strong>Litteratur<\/strong><\/p>\n<p>Feilberg, P. 1900. <em>Fra Lier og Fjelde. Breve til Hjemmet<\/em>. Kj\u00f8benhavn 1900, p. 133.<\/p>\n<p>Patursson, S. 1929. J\u00f3an Karl \u00e1 Sk\u00e1la (Ein f\u00f8royskur \u00fatr\u00f3\u00f0ama\u00f0ur). <em>Vardin<\/em> IX, 35-45.<\/p>\n<p>Steffen Stummann Hansen<\/p>\n","protected":false},"excerpt":{"rendered":"<p>Den gamle bygdevej mellem Leirv\u00edk og G\u00f8ta passerer i sk\u00e6ret ca. 360 m.o.h. mellem Kn\u00fakur (460 m.o.h.) og Sigatindur (614 m.o.h.). Den er markeret med en r\u00e6kke \u00e6ldgamle stenbyggede varder. P\u00e5 Leirv\u00edkssiden stiger man op gennem et landskab pr\u00e6get af &hellip; <a href=\"https:\/\/historypressfaroeislands.com\/dansk\/fortidsminder\/leirviksfjall-leirvik-fjeldet\/\">Continue reading <span class=\"meta-nav\">&rarr;<\/span><\/a><\/p>\n","protected":false},"author":4,"featured_media":0,"parent":713,"menu_order":0,"comment_status":"closed","ping_status":"closed","template":"","meta":{"footnotes":""},"class_list":["post-807","page","type-page","status-publish","hentry"],"_links":{"self":[{"href":"https:\/\/historypressfaroeislands.com\/dansk\/wp-json\/wp\/v2\/pages\/807","targetHints":{"allow":["GET"]}}],"collection":[{"href":"https:\/\/historypressfaroeislands.com\/dansk\/wp-json\/wp\/v2\/pages"}],"about":[{"href":"https:\/\/historypressfaroeislands.com\/dansk\/wp-json\/wp\/v2\/types\/page"}],"author":[{"embeddable":true,"href":"https:\/\/historypressfaroeislands.com\/dansk\/wp-json\/wp\/v2\/users\/4"}],"replies":[{"embeddable":true,"href":"https:\/\/historypressfaroeislands.com\/dansk\/wp-json\/wp\/v2\/comments?post=807"}],"version-history":[{"count":1,"href":"https:\/\/historypressfaroeislands.com\/dansk\/wp-json\/wp\/v2\/pages\/807\/revisions"}],"predecessor-version":[{"id":1462,"href":"https:\/\/historypressfaroeislands.com\/dansk\/wp-json\/wp\/v2\/pages\/807\/revisions\/1462"}],"up":[{"embeddable":true,"href":"https:\/\/historypressfaroeislands.com\/dansk\/wp-json\/wp\/v2\/pages\/713"}],"wp:attachment":[{"href":"https:\/\/historypressfaroeislands.com\/dansk\/wp-json\/wp\/v2\/media?parent=807"}],"curies":[{"name":"wp","href":"https:\/\/api.w.org\/{rel}","templated":true}]}}

Leirvíksfjall / Leirvík-fjeldet

<p>Den gamle bygdevej mellem Leirvík og Gøta passerer i skæret ca. 360 m.o.h. mellem Knúkur (460 m.o.h.) og Sigatindur (614 m.o.h.). Den er markeret med en række ældgamle stenbyggede varder. På Leirvíkssiden stiger man op gennem et landskab præget af ar efter århundreders tørveskæring og overalt ses de stensatte fundamenter af de strukturer, hvor de afskårne tørv blev opbevaret. Det færøske ord for disse tørveskjul er krógv (flertal: krajir). Ordet stammer fra det oldirske ord cró, der har samme betydning.</p>
<p>Masser af begivenheder har givetvis fundet sted langs denne vej igennem Færøernes historie. De fleste af disse er givetvis forlængst gået i historiens glemmebog, men her skal nævnes to dramatiske begivenheder, som vi har god dokumentation for.</p>
<p>Den ene af disse fik desværre en fatal udgang. I kirkebogen for Eysturoy og “Forrretningsprotokollen for Østerø Syssel 1836” omtales, at den bare 14 år gamle Malene Joensdatter (f. 05.03.1822) fra Leirvík den 27. marts 1836 døde på vej fra kirke ved “et Fald paa Leervigs Fjeld” . Leirvík havde dengang ikke egen kirke, hvad der derimod fandtes på den anden side af fjeldet i Norðragøta. Vi kender ikke de nærmere omstændigheder, som førte til Malenes fald, men hun har antagelig mistet fodfæstet på grund af glat føre, stærk vind – eller måske blot et øjebliks uopmærksomhed.</p>
<p>Med den anden dramatiske begivenhed er vi imidlertid lidt bedre stillet, idet vi har et vidneudsagn fra den ene af de to hovedpersoner. Jóan Carl Christian Christiansen (1854-1944) var født som søn af en kongsbonde i bygden Skáli på Eysturoy og blev normalt omtalt som Jóan Karl á Skála. Sammen med seks af sine søskende – tre søstre og tre brødre – blev Jóan Karl gift til Leirvík i tidsrummet 1871-1896. Mens de seks andre søskende kom til at leve hele deres liv i Leirvík, flyttede Jóan Karl, der var kommet til Leirvík i 1870, tilbage til Skáli i 1883 for at overtage kongsfæstet efter faderen.<br />
Jóan Karl var af lav og bred bygning og – ligesom sine brødre – kendt for at være en meget stærk mand. Og dette skulle han så rigeligt få brug for, da han en vinterdag sammen med fem andre skulle gå over fjeldet fra Leirvík til Gøta. Efter at være kommet over passet og på vej ned mod Norðragøta mødte der dem på kanten af hammeren lige under <a href="http://historypressfaroeislands.com/dansk/fortidsminder/fransmannagravirnar/">Fransafløti </a>et overraskende syn. Historien findes nedskrevet i Sverri Paturssons (1871-1960) artikel Jóan Karl á Skála (Ein føroyskur útróðaðrarmaður), som er trykt i tidsskriftet Varðin nr. 9 (Tórshavn 1929):</p>
<p>»Saman við fimm øðrum monnum hevði Jóan Karl verið í Leirvík eftir einum nýggjum báti. Tað viðraði tó ikki at fara við bátinum og menninir fóru heim aftur til gongu um Leirvíksfjall. Kavarok var og illa framkomandi fyri gleri.<br />
Tá var tað – fortelur Jóan Karl – at vit raktu við ein mann uppi á fjallinum. Hann lá úti á fjallatromini og einans beinini stóðu upp undan kavanum. Eg fór so at ríva hann uppundan, men tað tókist ikki at vera lív í honum. Fýra av teimum, ið við vóru, fóru frá, tí teir hildu at hetta var eitt lík. Hin fimti fór eisini frá mær til at siga frá í Gøtu. Eitt sindur áv sukurkandi hevði eg eisini hjá mær, og tá eg hevði kávað glerið av andlitinum á hesum frysta manninum, vætti eg varrar hansara við tí søta rákanum av sukurkandinum, og sýntist mær at tað heldur enn ikki rein við hann. So legði eg hann so stívan sum hann var, á bakið og fór til gongu við honum gjøgnum rókina, sum teir plaga at ganga við neytum.<br />
Tað var ein sein gonga á tí harðfrysta kavanum við hesum beinstirda mannakroppinum á bakinum. Ikki so mikið sum ein bandstubba hevði eg, so eg kundi fatla hann upp á meg. Eg hevði einki annað hald á honum uttan armarnar, sum eg hevði knept fram um hálsin á mær. Gekk so ferðin á tann hátt, at eg við míni byrði á rygginum mátti aka á knæ á ovara beininum og við hinum hæla spor í ísin. Tá eg umsíðir kom á slætt, vóru Norðragøtumenn har ímóti mær. Tað vildi so til, at maðurin kom aftur til lívs, tó ikki skaðaleysur, hann misti nakað av tærnum«. (p. 41)</p>
<p>»Sammen med fem andre mænd havde Jóan Karl været i Leirvík for at hente en ny båd. Vejret tillod dog ikke at tage båden, og mændene måtte i stedet gå hjem over Leirvíks-fjeldet. Der var vanskeligt at gå, med kraftigt snefald og spejlglat føre.<br />
Så hændte det – fortæller Jóan Karl – at vi stødte på en mand oppe på fjeldet. Han lå yderst på fjeldkanten og kun benene stak op af sneen. Jeg gik så igang med at trække ham op, men der syntes ikke at være liv i ham. Fire af mændene, som var med, gik videre, da de mente, at der var tale om et lig. Den femte forlod mig også for at gå ned i Gøta og fortælle om vores fund. Jeg havde en smule sukkerkandis med mig, og da jeg havde tørret sneen væk fra ansigtet på denne forfrosne mand, vædede jeg hans læber med den søde smag af kandisen, og det forekom mig, at han rørte lidt på sig. Så lagde jeg ham, så stiv som han var, om på ryggen og begyndte at gå med ham på den samme fjeldhylde, som man sædvanligvis gik med køerne.<br />
Det var meget langsommeligt at gå i den hårdfrostne sne med denne kraftigt byggede mandskrop på ryggen. Ikke så meget som en stump reb havde jeg, så jeg kunne binde ham omkring mig. Jeg havde ikke andet at holde i end hans arme, som jeg havde trukket frem omkring min hals. Gik så turen på den måde, at jeg med byrden på ryggen måtte gå på knæ med det forreste ben og med det andet skære spor i isen. Da jeg omsider kom ned i fladt terræn, kom folk fra Norðragøta mig i møde. Her hændte det så, at manden atter kom til live, dog ikke uden skader, idet han mistede nogle af tæerne«. (p. 41)</p>
<p><img decoding="async" class="size-large wp-image-2475" src="http://historypressfaroeislands.com/images/Leirviks-fjall_1.jpg" alt="" /></p>
<p><img decoding="async" class="size-large wp-image-2475" src="http://historypressfaroeislands.com/images/Leirviks-fjall_2.jpg" alt="" /></p>
<p>Det oplyses i Paturssons artikel ikke, hvornår denne begivenhed fandt sted, dog må man forvente, at det er sket, efter at Jóan Karl var flyttet tilbage til Skáli i 1883. Der er imidlertid en anden kilde, som bringer os lidt nærmere et årstal for hændelsen.</p>
<p>I sommeren 1899 besøgte den danske agronom Peter Berend Feilberg (1835-1925) Færøerne. Han udgav året efter bogen <em>Fra Lier og Fjelde. Breve til Hjemmet 1899</em>. Feilberg opholdt sig 1-2 dage i Gøtu, hvor han blandt andet havde følgende oplevelse:</p>
<p>»Paa mine Udflugter i Bøen træffer jeg en gammel Gut, der i et besværligt Sprog forklarer mig Metoden for Høbjergningen; han gaar paa en lidt kejtet Maade, hvad jo her er meget usædvanligt, og det viser sig, at han for nogle Aar siden paa en Vinterudflugt til Fjelds efter Faarene blev indesneet i en Kløft, hvor han laa i et Par Døgn, inden man fandt ham, og ved den Lejlighed mistede han Tæerne af Koldbrand; det fortælles med fuldkommen Sindsro, som en Røgter hjemme vilde berette, at hans Træsko var gaaet i Stykker« (Feilberg 1900, p. 133).</p>
<p>Manden, som Jóan Karl reddede den dag i fjeldet, var Hans David Poulsen (1854-1933) – “Liða Dávi” – fra Norðragøta. En datter til Hans David, Elsebeth Maria Sophia Poulsen (1879-1951), blev i 1905 viet til Olaf Juul Høgnesen (1881-1936) i Leirvik. En anden datter, Elsa Cathrina Sophia Poulsen (1895-1974), blev i 1917 viet til Gabriel Petersen (1890-1963), ligeledes i Leirvik.</p>
<p><strong>Litteratur</strong></p>
<p>Feilberg, P. 1900. <em>Fra Lier og Fjelde. Breve til Hjemmet</em>. Kjøbenhavn 1900, p. 133.</p>
<p>Patursson, S. 1929. Jóan Karl á Skála (Ein føroyskur útróðamaður). <em>Vardin</em> IX, 35-45.</p>
<p>Steffen Stummann Hansen</p>

<p>Den gamle bygdevej mellem Leirvík og Gøta passerer i skæret ca. 360 m.o.h. mellem Knúkur (460 m.o.h.) og Sigatindur (614 m.o.h.). Den er markeret med en række ældgamle stenbyggede varder. På Leirvíkssiden stiger man op gennem et landskab præget af &hellip; <a href="https://historypressfaroeislands.com/dansk/fortidsminder/leirviksfjall-leirvik-fjeldet/">Continue reading <span class="meta-nav">&rarr;</span></a></p>
