{"id":7,"date":"2010-12-02T10:27:44","date_gmt":"2010-12-02T10:27:44","guid":{"rendered":"http:\/\/historypressfaroeislands.com\/dansk\/"},"modified":"2018-10-20T10:14:15","modified_gmt":"2018-10-20T10:14:15","slug":"forlagets-udgivelser","status":"publish","type":"page","link":"https:\/\/historypressfaroeislands.com\/dansk\/forlagets-udgivelser\/","title":{"rendered":"Forlagets udgivelser"},"content":{"rendered":"<p><a href=\"http:\/\/historypressfaroeislands.com\/dansk\/wp-content\/uploads\/2018\/10\/kvinnuligu-fotografarnir-kapa-27-juli-2018-small-1.jpg\"><img loading=\"lazy\" decoding=\"async\" class=\"size-full wp-image-1155 alignleft\" src=\"http:\/\/historypressfaroeislands.com\/dansk\/wp-content\/uploads\/2018\/10\/kvinnuligu-fotografarnir-kapa-27-juli-2018-small-1.jpg\" alt=\"\" width=\"170\" height=\"115\" \/><\/a>Kvindelige Pionerer. Et Bidrag til Fotografiens tidlige Historie p\u00e5 F\u00e6r\u00f8erne.<br \/>\n<em>Steffen Stummann Hansen.<\/em><br \/>\nForlagi\u00f0 S\u00f8ga F\u00f8roya\/History Press Faroe Islands 2018.<\/p>\n<p>\u2022 <a href=\"http:\/\/historypressfaroeislands.com\/dansk\/forlagets-udgivelser\/kvindelige-pionerer-et-bidrag-til-fotografiens-tidlige-historie-pa-faeroerne\/\" target=\"_self\">L\u00e6s om bogen her<\/a><\/p>\n<hr \/>\n<p><a href=\"http:\/\/historypressfaroeislands.com\/dansk\/forlagets-udgivelser\/faeroerne1911\/\"><img loading=\"lazy\" decoding=\"async\" class=\"alignleft\" src=\"http:\/\/historypressfaroeislands.com\/images\/newbook2.jpg\" alt=\"\" width=\"170\" height=\"112\" \/><\/a> F\u00e6r\u00f8erne 1911 &#8211; set af den danske fotograf Anders Peter Hansen.<br \/>\n<em>Steffen Stummann Hansen.<\/em><br \/>\nForlagi\u00f0 S\u00f8ga F\u00f8roya\/History Press Faroe Islands 2013.<\/p>\n<p>\u2022 <a href=\"http:\/\/historypressfaroeislands.com\/dansk\/forlagets-udgivelser\/faeroerne1911\/\" target=\"_self\">L\u00e6s om bogen her<\/a><\/p>\n<hr \/>\n<p><a href=\"http:\/\/historypressfaroeislands.com\/dansk\/forlagets-udgivelser\/eitt-feigdartiggjuar-i-leirvikar-sogu\/\"><img loading=\"lazy\" decoding=\"async\" class=\"alignleft\" title=\"Eitt Feigdart\u00edggju\u00e1r \u00ed Leirv\u00edkar S\u00f8gu 1874-1883.\" src=\"http:\/\/historypressfaroeislands.com\/images\/eitt-thumb.jpg\" alt=\"Eitt Feigdart\u00edggju\u00e1r \u00ed Leirv\u00edkar S\u00f8gu 1874-1883.\" width=\"170\" height=\"112\" \/><\/a> Eitt Feigdar\u00e1rat\u00edggju \u00ed Leirv\u00edkar S\u00f8gu 1874-1883.<br \/>\n<em>Steffen Stummann Hansen.<\/em><br \/>\nForlagi\u00f0 S\u00f8ga F\u00f8roya\/History Press Faroe Islands 2011.<\/p>\n<p>\u2022 <a href=\"http:\/\/historypressfaroeislands.com\/dansk\/forlagets-udgivelser\/eitt-feigdartiggjuar-i-leirvikar-sogu\/\" target=\"_self\">L\u00e6s om bogen her<\/a><\/p>\n<hr \/>\n<p><a title=\"Medieval Farmsteads in Greenland. The Brattahlid region 1999-2000.\" href=\"http:\/\/historypressfaroeislands.com\/dansk\/forlagets-udgivelser\/folk-i-leirvik-i-1901\/\"><img loading=\"lazy\" decoding=\"async\" class=\"alignleft\" title=\"F\u00f3lk \u00ed Leirv\u00edk \u00ed 1901 \u2013 \u00ed myndum og teksti.\" src=\"http:\/\/historypressfaroeislands.com\/images\/small_22.jpg\" alt=\"F\u00f3lk \u00ed Leirv\u00edk \u00ed 1901 \u2013 \u00ed myndum og teksti.\" width=\"170\" height=\"114\" \/><\/a> F\u00f3lk \u00ed Leirv\u00edk \u00ed 1901 \u2013 \u00ed myndum og teksti.<br \/>\n<em>Steffen Stummann Hansen &amp; Kristian Martin Eliasen<\/em>.<br \/>\nForlagi\u00f0 S\u00f8ga F\u00f8roya\/History Press Faroe Islands 2010.<\/p>\n<p>\u2022 <a href=\"http:\/\/historypressfaroeislands.com\/dansk\/forlagets-udgivelser\/folk-i-leirvik-i-1901\/\" target=\"_self\">L\u00e6s om bogen her<\/a><\/p>\n<hr \/>\n","protected":false},"excerpt":{"rendered":"<p>Kvindelige Pionerer. Et Bidrag til Fotografiens tidlige Historie p\u00e5 F\u00e6r\u00f8erne. Steffen Stummann Hansen. Forlagi\u00f0 S\u00f8ga F\u00f8roya\/History Press Faroe Islands 2018. \u2022 L\u00e6s om bogen her F\u00e6r\u00f8erne 1911 &#8211; set af den danske fotograf Anders Peter Hansen. Steffen Stummann Hansen. Forlagi\u00f0 &hellip; <a href=\"https:\/\/historypressfaroeislands.com\/dansk\/forlagets-udgivelser\/\">Continue reading <span class=\"meta-nav\">&rarr;<\/span><\/a><\/p>\n","protected":false},"author":4,"featured_media":0,"parent":0,"menu_order":1,"comment_status":"closed","ping_status":"closed","template":"","meta":{"footnotes":""},"class_list":["post-7","page","type-page","status-publish","hentry"],"_links":{"self":[{"href":"https:\/\/historypressfaroeislands.com\/dansk\/wp-json\/wp\/v2\/pages\/7","targetHints":{"allow":["GET"]}}],"collection":[{"href":"https:\/\/historypressfaroeislands.com\/dansk\/wp-json\/wp\/v2\/pages"}],"about":[{"href":"https:\/\/historypressfaroeislands.com\/dansk\/wp-json\/wp\/v2\/types\/page"}],"author":[{"embeddable":true,"href":"https:\/\/historypressfaroeislands.com\/dansk\/wp-json\/wp\/v2\/users\/4"}],"replies":[{"embeddable":true,"href":"https:\/\/historypressfaroeislands.com\/dansk\/wp-json\/wp\/v2\/comments?post=7"}],"version-history":[{"count":3,"href":"https:\/\/historypressfaroeislands.com\/dansk\/wp-json\/wp\/v2\/pages\/7\/revisions"}],"predecessor-version":[{"id":1160,"href":"https:\/\/historypressfaroeislands.com\/dansk\/wp-json\/wp\/v2\/pages\/7\/revisions\/1160"}],"wp:attachment":[{"href":"https:\/\/historypressfaroeislands.com\/dansk\/wp-json\/wp\/v2\/media?parent=7"}],"curies":[{"name":"wp","href":"https:\/\/api.w.org\/{rel}","templated":true}]}}