{"id":356,"date":"2011-06-11T06:15:22","date_gmt":"2011-06-11T06:15:22","guid":{"rendered":"http:\/\/historypressfaroeislands.com\/dansk\/"},"modified":"2011-06-11T06:15:22","modified_gmt":"2011-06-11T06:15:22","slug":"nyheder","status":"publish","type":"page","link":"https:\/\/historypressfaroeislands.com\/dansk\/nyheder\/","title":{"rendered":"Nyheder"},"content":{"rendered":"<p>Seneste artikler og nyheder.<\/p>\n<ul>\n<li>\u2022  <a href=\"http:\/\/historypressfaroeislands.com\/dansk\/nyheder\/i-kolvandet-paa-de-tidlige-irske-kristne\/\" target=\"_self\">I k\u00f8lvandet p\u00e5 de tidlige irske kristne<\/a><\/li>\n<li>\u2022  <a href=\"http:\/\/historypressfaroeislands.com\/dansk\/nyheder\/irske-munke-og-nordatlanten\/\" target=\"_self\">Irske munke og Nordatlanten<\/a><\/li>\n<li>\u2022  <a href=\"http:\/\/historypressfaroeislands.com\/dansk\/nyheder\/sceilg-mhichil-skellig-michael\/\" target=\"_self\">Sceilg Mhich\u00edl (Skellig Michael)<\/a><\/li>\n<li>\u2022  <a href=\"http:\/\/historypressfaroeislands.com\/dansk\/eitt-feigdartiggjuar-i-leirvikar-sogu-1874-1883\/\" target=\"_self\">Eitt feigdart\u00edggju\u00e1r \u00ed Leirv\u00edkar S\u00f8gu 1874-1883<\/a><\/li>\n<li>\u2022  <a href=\"http:\/\/historypressfaroeislands.com\/dansk\/nyheder\/historisk-sten\/\" target=\"_self\">Historisk sten m\u00e5tte vige pladsen<\/a><\/li>\n<li>\u2022  <a href=\"http:\/\/historypressfaroeislands.com\/dansk\/nyheder\/efterlysning\/\" target=\"_self\">Efterlysning &#8211; en dansk fotograf p\u00e5 F\u00e6r\u00f8erne i 1911<\/a><\/li>\n<\/ul>\n","protected":false},"excerpt":{"rendered":"<p>Seneste artikler og nyheder. \u2022 I k\u00f8lvandet p\u00e5 de tidlige irske kristne \u2022 Irske munke og Nordatlanten \u2022 Sceilg Mhich\u00edl (Skellig Michael) \u2022 Eitt feigdart\u00edggju\u00e1r \u00ed Leirv\u00edkar S\u00f8gu 1874-1883 \u2022 Historisk sten m\u00e5tte vige pladsen \u2022 Efterlysning &#8211; en dansk &hellip; <a href=\"https:\/\/historypressfaroeislands.com\/dansk\/nyheder\/\">Continue reading <span class=\"meta-nav\">&rarr;<\/span><\/a><\/p>\n","protected":false},"author":4,"featured_media":0,"parent":0,"menu_order":5,"comment_status":"closed","ping_status":"closed","template":"","meta":{"footnotes":""},"class_list":["post-356","page","type-page","status-publish","hentry"],"_links":{"self":[{"href":"https:\/\/historypressfaroeislands.com\/dansk\/wp-json\/wp\/v2\/pages\/356","targetHints":{"allow":["GET"]}}],"collection":[{"href":"https:\/\/historypressfaroeislands.com\/dansk\/wp-json\/wp\/v2\/pages"}],"about":[{"href":"https:\/\/historypressfaroeislands.com\/dansk\/wp-json\/wp\/v2\/types\/page"}],"author":[{"embeddable":true,"href":"https:\/\/historypressfaroeislands.com\/dansk\/wp-json\/wp\/v2\/users\/4"}],"replies":[{"embeddable":true,"href":"https:\/\/historypressfaroeislands.com\/dansk\/wp-json\/wp\/v2\/comments?post=356"}],"version-history":[{"count":0,"href":"https:\/\/historypressfaroeislands.com\/dansk\/wp-json\/wp\/v2\/pages\/356\/revisions"}],"wp:attachment":[{"href":"https:\/\/historypressfaroeislands.com\/dansk\/wp-json\/wp\/v2\/media?parent=356"}],"curies":[{"name":"wp","href":"https:\/\/api.w.org\/{rel}","templated":true}]}}