{"id":113,"date":"2011-01-07T21:39:34","date_gmt":"2011-01-07T21:39:34","guid":{"rendered":"http:\/\/historypressfaroeislands.com\/dansk\/"},"modified":"2011-01-07T21:39:34","modified_gmt":"2011-01-07T21:39:34","slug":"pompei-islands","status":"publish","type":"page","link":"https:\/\/historypressfaroeislands.com\/dansk\/downloads\/island\/pompei-islands\/","title":{"rendered":"Pompei \u00cdslands. Norr\u00e6ni fornleifalei\u00f0angurinn \u00ed \u00dej\u00f3rs\u00e1rdal 1939"},"content":{"rendered":"<p><span style=\"color: #ffffff;\">\u2022 <\/span><br \/>\n<a href=\"http:\/\/historypressfaroeislands.com\/images\/Pompei-Islands.pdf\" target=\"_blank\"><img decoding=\"async\" class=\"alignleft\" title=\"Pompei \u00cdslands, Norr\u00e6ni fornleifalei\u00f0angurinn \u00ed \u00dej\u00f3rs\u00e1rdal 1939.\" src=\"http:\/\/historypressfaroeislands.com\/images\/Pompei-Islands.png\" alt=\"Download Pompei \u00cdslands, Norr\u00e6ni fornleifalei\u00f0angurinn \u00ed \u00dej\u00f3rs\u00e1rdal 1939.\" \/><\/a><em>Steffen Stummann Hansen:<\/em><br \/>\nPompei \u00cdslands. Norr\u00e6ni fornleifalei\u00f0angurinn \u00ed \u00dej\u00f3rs\u00e1rdal 1939.<br \/>\n<em>\u00c1rb\u00f3k hins \u00edslenzka fornleifaf\u00e9lag<\/em> (2000-2001), 69-112. Reykjav\u00edk 2003.<\/p>\n<p>\u2022 <a href=\"http:\/\/historypressfaroeislands.com\/images\/Pompei-Islands.pdf\" target=\"_blank\">Download artiklen\u00a0gratis i pdf-format<\/a><br \/>\n<span style=\"color: #ffffff;\">\u2022 <\/span><br \/>\n<span style=\"color: #ffffff;\">\u2022 <\/span><br \/>\n<span style=\"color: #ffffff;\">\u2022 <\/span><br \/>\n<span style=\"color: #ffffff;\">\u2022 <\/span><br \/>\n<span style=\"color: #ffffff;\">\u2022 <\/span><br \/>\n<span style=\"color: #ffffff;\">\u2022 <\/span><em><br \/>\n<\/em><\/p>\n","protected":false},"excerpt":{"rendered":"<p>\u2022 Steffen Stummann Hansen: Pompei \u00cdslands. Norr\u00e6ni fornleifalei\u00f0angurinn \u00ed \u00dej\u00f3rs\u00e1rdal 1939. \u00c1rb\u00f3k hins \u00edslenzka fornleifaf\u00e9lag (2000-2001), 69-112. Reykjav\u00edk 2003. \u2022 Download artiklen\u00a0gratis i pdf-format \u2022 \u2022 \u2022 \u2022 \u2022 \u2022<\/p>\n","protected":false},"author":4,"featured_media":0,"parent":329,"menu_order":11,"comment_status":"closed","ping_status":"closed","template":"","meta":{"footnotes":""},"class_list":["post-113","page","type-page","status-publish","hentry"],"_links":{"self":[{"href":"https:\/\/historypressfaroeislands.com\/dansk\/wp-json\/wp\/v2\/pages\/113","targetHints":{"allow":["GET"]}}],"collection":[{"href":"https:\/\/historypressfaroeislands.com\/dansk\/wp-json\/wp\/v2\/pages"}],"about":[{"href":"https:\/\/historypressfaroeislands.com\/dansk\/wp-json\/wp\/v2\/types\/page"}],"author":[{"embeddable":true,"href":"https:\/\/historypressfaroeislands.com\/dansk\/wp-json\/wp\/v2\/users\/4"}],"replies":[{"embeddable":true,"href":"https:\/\/historypressfaroeislands.com\/dansk\/wp-json\/wp\/v2\/comments?post=113"}],"version-history":[{"count":0,"href":"https:\/\/historypressfaroeislands.com\/dansk\/wp-json\/wp\/v2\/pages\/113\/revisions"}],"up":[{"embeddable":true,"href":"https:\/\/historypressfaroeislands.com\/dansk\/wp-json\/wp\/v2\/pages\/329"}],"wp:attachment":[{"href":"https:\/\/historypressfaroeislands.com\/dansk\/wp-json\/wp\/v2\/media?parent=113"}],"curies":[{"name":"wp","href":"https:\/\/api.w.org\/{rel}","templated":true}]}}