{"id":106,"date":"2011-01-07T17:39:23","date_gmt":"2011-01-07T17:39:23","guid":{"rendered":"http:\/\/historypressfaroeislands.com\/dansk\/"},"modified":"2011-01-07T17:39:23","modified_gmt":"2011-01-07T17:39:23","slug":"efterlysning","status":"publish","type":"page","link":"https:\/\/historypressfaroeislands.com\/dansk\/nyheder\/efterlysning\/","title":{"rendered":"Efterlysning"},"content":{"rendered":"<p><strong>Anders Peter Hansen &#8211; en dansk fotograf p\u00e5 F\u00e6r\u00f8erne i 1911<\/strong><\/p>\n<p>I sommeren 1911 bes\u00f8gte den danske fotograf Anders Peter Hansen (16.06.1870 &#8211; 18.05.1948) F\u00e6r\u00f8erne. Han havde startet sin fotografvirksomhed i Brabrand n\u00e6r Aarhus \u00e5ret f\u00f8r. Hans liv og indsats er n\u00e6rmere beskrevet i bogen <a href=\"http:\/\/historypressfaroeislands.com\/dansk\/forlagets-udgivelser\/folk-i-leirvik-i-1901\/\">F\u00f3lk \u00ed Leirv\u00edk \u00ed 1901<\/a>.<\/p>\n<p style=\"text-align: left;\"><a href=\"..\/images\/Fig1.jpg\"><\/a><a href=\"..\/images\/Fig2.jpg\"><img loading=\"lazy\" decoding=\"async\" class=\"alignleft\" title=\"Fig. 2.  Billede af sm\u00e5b\u00f8rn, som A. P. Hansen tog i Leirv\u00edk i sommeren 1911\" src=\"http:\/\/historypressfaroeislands.com\/images\/Fig22.jpg\" alt=\"\" width=\"120\" height=\"150\" \/><\/a>A. P. Hansen opholdt sig under bes\u00f8get p\u00e5 F\u00e6r\u00f8erne is\u00e6r p\u00e5 Eysturoy og Nor\u00f0oya, hvor han ser ud til at have taget n\u00e6sten alle sine billeder. Hans billeder udm\u00e6rker sig i flere henseender. Dels er de af h\u00f8j fotografisk kvalitet, og dels giver de for f\u00f8rste gang et st\u00f8rre visuelt indblik i livet p\u00e5 bygd, b\u00e5de hvad ang\u00e5r bygninger og personer. Motiver, som A. P. Hansen is\u00e6r synes at have yndet, er familier opstillet foran deres huse. Et andet er m\u00f8dre med b\u00f8rn p\u00e5 sk\u00f8det og omkring sig. Men mange andre motiver optr\u00e6der ogs\u00e5.<span style=\"color: #ffffff;\">&#8212;&#8211; <\/span><span style=\"color: #ffffff;\">&#8212;&#8211; <\/span><span style=\"color: #ffffff;\">&#8212;&#8211; <\/span><\/p>\n<p><a href=\"..\/images\/Fig3.jpg\"><img loading=\"lazy\" decoding=\"async\" class=\"alignright\" title=\"Fig. 3. Billede af moder med sm\u00e5barn taget af A. P. Hansen i Leirv\u00edk i 1911\" src=\"http:\/\/historypressfaroeislands.com\/images\/Fig32.jpg\" alt=\"\" width=\"120\" height=\"150\" \/><\/a><a href=\"..\/images\/Fig4.jpg\"><img loading=\"lazy\" decoding=\"async\" class=\"alignright\" title=\"Fig. 4. Billede af moder med sm\u00e5barn taget af A. P. Hansen i Ei\u00f0i i sommeren 1911\" src=\"http:\/\/historypressfaroeislands.com\/images\/Fig42.jpg\" alt=\"\" width=\"120\" height=\"150\" \/><\/a>Omkring 1970 fandt ca. 100 af hans originale glasplader vej til F\u00e6r\u00f8erne, hvor de i dag er i fotograf Per \u00e1 H\u00e6dds eje. Gennem arbejdet med bogen <a href=\"http:\/\/historypressfaroeislands.com\/dansk\/forlagets-udgivelser\/folk-i-leirvik-i-1901\/\">F\u00f3lk \u00ed Leirv\u00edk \u00ed 1901<\/a> blev det dog klart for forfatterne, at glaspladerne kun d\u00e6kker en del af de billeder, som A. P. Hansen tog p\u00e5 F\u00e6r\u00f8erne i sommeren 1911. Vi har s\u00e5ledes flere billeder fra Leirv\u00edk, hvor der ikke er tvivl om, at A. P. Hansen er fotografen, men hvor vi m\u00e5 formode, at de originale glasplader ikke l\u00e6ngere eksisterer.<\/p>\n<p style=\"text-align: left;\"><a href=\"..\/images\/Fig5.jpg\"><img loading=\"lazy\" decoding=\"async\" class=\"alignleft\" title=\"Fig. 5. Billede af familie foran hus taget af A. P. Hansen i Leirv\u00edk i sommeren 1911\" src=\"http:\/\/historypressfaroeislands.com\/images\/Fig52.jpg\" alt=\"\" width=\"180\" height=\"126\" \/><\/a>Vi har mistanke om, at der rundt omkring i privatsamlinger p\u00e5 Eysturoy og Nor\u00f0oya gemmer sig adskillige gamle fotografier, som uden tvivl m\u00e5 tilskrives A. P. Hansen. Nogle af hans billeder ser ud til efterf\u00f8lgende at v\u00e6re farvelagt af f\u00e6r\u00f8ske fotografer, men det r\u00f8rer ikke ved, at det originale billede tilh\u00f8rer A. P. Hansen.<a href=\"..\/images\/Fig6.jpg\"><img loading=\"lazy\" decoding=\"async\" class=\"alignright\" title=\"Fig. 6. Situationsbillede taget af A. P. Hansen i Leirv\u00edk i sommeren 1911\" src=\"http:\/\/historypressfaroeislands.com\/images\/Fig62.jpg\" alt=\"\" width=\"180\" height=\"126\" \/><\/a><\/p>\n<p>I \u00e5r er det hundrede \u00e5r siden, at Anders Peter Hansen bes\u00f8gte F\u00e6r\u00f8erne og berigede os med en enest\u00e5ende fotografisk dokumentation af en vigtig del af den f\u00e6r\u00f8ske kulturarv. Forlagi\u00f0 S\u00f8ga F\u00f8roya vil fors\u00f8ge at markere dette ved en samlet pr\u00e6sentation af hans indsats. I den anledning efterlyser vi oplysninger om billeder, som man mener kan tilskrives A. P. Hansen, s\u00e5ledes at vi kan g\u00f8re pr\u00e6sentationen s\u00e5 komplet som mulig.<\/p>\n<p style=\"text-align: center;\"><img loading=\"lazy\" decoding=\"async\" class=\"aligncenter\" title=\"Fig. 3b. Eksempel p\u00e5 A. P. Hansen logo\" src=\"http:\/\/historypressfaroeislands.com\/images\/Fig3b3.jpg\" alt=\"\" width=\"200\" height=\"73\" \/><\/p>\n<p>Kontakt os derfor venligst, hvis du mener at ligge inde med billeder, som kan tilskrives A. P. Hansen \u2013 <a href=\"mailto:contact@HistoryPressFaroeIslands.com\">contact@HistoryPressFaroeIslands.com<\/a><\/p>\n","protected":false},"excerpt":{"rendered":"<p>Anders Peter Hansen &#8211; en dansk fotograf p\u00e5 F\u00e6r\u00f8erne i 1911 I sommeren 1911 bes\u00f8gte den danske fotograf Anders Peter Hansen (16.06.1870 &#8211; 18.05.1948) F\u00e6r\u00f8erne. Han havde startet sin fotografvirksomhed i Brabrand n\u00e6r Aarhus \u00e5ret f\u00f8r. Hans liv og indsats &hellip; <a href=\"https:\/\/historypressfaroeislands.com\/dansk\/nyheder\/efterlysning\/\">Continue reading <span class=\"meta-nav\">&rarr;<\/span><\/a><\/p>\n","protected":false},"author":4,"featured_media":0,"parent":356,"menu_order":9,"comment_status":"closed","ping_status":"closed","template":"","meta":{"footnotes":""},"class_list":["post-106","page","type-page","status-publish","hentry"],"_links":{"self":[{"href":"https:\/\/historypressfaroeislands.com\/dansk\/wp-json\/wp\/v2\/pages\/106","targetHints":{"allow":["GET"]}}],"collection":[{"href":"https:\/\/historypressfaroeislands.com\/dansk\/wp-json\/wp\/v2\/pages"}],"about":[{"href":"https:\/\/historypressfaroeislands.com\/dansk\/wp-json\/wp\/v2\/types\/page"}],"author":[{"embeddable":true,"href":"https:\/\/historypressfaroeislands.com\/dansk\/wp-json\/wp\/v2\/users\/4"}],"replies":[{"embeddable":true,"href":"https:\/\/historypressfaroeislands.com\/dansk\/wp-json\/wp\/v2\/comments?post=106"}],"version-history":[{"count":0,"href":"https:\/\/historypressfaroeislands.com\/dansk\/wp-json\/wp\/v2\/pages\/106\/revisions"}],"up":[{"embeddable":true,"href":"https:\/\/historypressfaroeislands.com\/dansk\/wp-json\/wp\/v2\/pages\/356"}],"wp:attachment":[{"href":"https:\/\/historypressfaroeislands.com\/dansk\/wp-json\/wp\/v2\/media?parent=106"}],"curies":[{"name":"wp","href":"https:\/\/api.w.org\/{rel}","templated":true}]}}

<p><strong>Anders Peter Hansen &#8211; en dansk fotograf på Færøerne i 1911</strong></p>
<p>I sommeren 1911 besøgte den danske fotograf Anders Peter Hansen (16.06.1870 &#8211; 18.05.1948) Færøerne. Han havde startet sin fotografvirksomhed i Brabrand nær Aarhus året før. Hans liv og indsats er nærmere beskrevet i bogen <a href="http://historypressfaroeislands.com/dansk/forlagets-udgivelser/folk-i-leirvik-i-1901/">Fólk í Leirvík í 1901</a>.</p>
<p style="text-align: left;"><a href="../images/Fig1.jpg"></a><a href="../images/Fig2.jpg"><img loading="lazy" decoding="async" class="alignleft" title="Fig. 2.  Billede af småbørn, som A. P. Hansen tog i Leirvík i sommeren 1911" src="http://historypressfaroeislands.com/images/Fig22.jpg" alt="" width="120" height="150" /></a>A. P. Hansen opholdt sig under besøget på Færøerne især på Eysturoy og Norðoya, hvor han ser ud til at have taget næsten alle sine billeder. Hans billeder udmærker sig i flere henseender. Dels er de af høj fotografisk kvalitet, og dels giver de for første gang et større visuelt indblik i livet på bygd, både hvad angår bygninger og personer. Motiver, som A. P. Hansen især synes at have yndet, er familier opstillet foran deres huse. Et andet er mødre med børn på skødet og omkring sig. Men mange andre motiver optræder også.<span style="color: #ffffff;">&#8212;&#8211; </span><span style="color: #ffffff;">&#8212;&#8211; </span><span style="color: #ffffff;">&#8212;&#8211; </span></p>
<p><a href="../images/Fig3.jpg"><img loading="lazy" decoding="async" class="alignright" title="Fig. 3. Billede af moder med småbarn taget af A. P. Hansen i Leirvík i 1911" src="http://historypressfaroeislands.com/images/Fig32.jpg" alt="" width="120" height="150" /></a><a href="../images/Fig4.jpg"><img loading="lazy" decoding="async" class="alignright" title="Fig. 4. Billede af moder med småbarn taget af A. P. Hansen i Eiði i sommeren 1911" src="http://historypressfaroeislands.com/images/Fig42.jpg" alt="" width="120" height="150" /></a>Omkring 1970 fandt ca. 100 af hans originale glasplader vej til Færøerne, hvor de i dag er i fotograf Per á Hædds eje. Gennem arbejdet med bogen <a href="http://historypressfaroeislands.com/dansk/forlagets-udgivelser/folk-i-leirvik-i-1901/">Fólk í Leirvík í 1901</a> blev det dog klart for forfatterne, at glaspladerne kun dækker en del af de billeder, som A. P. Hansen tog på Færøerne i sommeren 1911. Vi har således flere billeder fra Leirvík, hvor der ikke er tvivl om, at A. P. Hansen er fotografen, men hvor vi må formode, at de originale glasplader ikke længere eksisterer.</p>
<p style="text-align: left;"><a href="../images/Fig5.jpg"><img loading="lazy" decoding="async" class="alignleft" title="Fig. 5. Billede af familie foran hus taget af A. P. Hansen i Leirvík i sommeren 1911" src="http://historypressfaroeislands.com/images/Fig52.jpg" alt="" width="180" height="126" /></a>Vi har mistanke om, at der rundt omkring i privatsamlinger på Eysturoy og Norðoya gemmer sig adskillige gamle fotografier, som uden tvivl må tilskrives A. P. Hansen. Nogle af hans billeder ser ud til efterfølgende at være farvelagt af færøske fotografer, men det rører ikke ved, at det originale billede tilhører A. P. Hansen.<a href="../images/Fig6.jpg"><img loading="lazy" decoding="async" class="alignright" title="Fig. 6. Situationsbillede taget af A. P. Hansen i Leirvík i sommeren 1911" src="http://historypressfaroeislands.com/images/Fig62.jpg" alt="" width="180" height="126" /></a></p>
<p>I år er det hundrede år siden, at Anders Peter Hansen besøgte Færøerne og berigede os med en enestående fotografisk dokumentation af en vigtig del af den færøske kulturarv. Forlagið Søga Føroya vil forsøge at markere dette ved en samlet præsentation af hans indsats. I den anledning efterlyser vi oplysninger om billeder, som man mener kan tilskrives A. P. Hansen, således at vi kan gøre præsentationen så komplet som mulig.</p>
<p style="text-align: center;"><img loading="lazy" decoding="async" class="aligncenter" title="Fig. 3b. Eksempel på A. P. Hansen logo" src="http://historypressfaroeislands.com/images/Fig3b3.jpg" alt="" width="200" height="73" /></p>
<p>Kontakt os derfor venligst, hvis du mener at ligge inde med billeder, som kan tilskrives A. P. Hansen – <a href="mailto:contact@HistoryPressFaroeIslands.com">contact@HistoryPressFaroeIslands.com</a></p>

<p>Anders Peter Hansen &#8211; en dansk fotograf på Færøerne i 1911 I sommeren 1911 besøgte den danske fotograf Anders Peter Hansen (16.06.1870 &#8211; 18.05.1948) Færøerne. Han havde startet sin fotografvirksomhed i Brabrand nær Aarhus året før. Hans liv og indsats &hellip; <a href="https://historypressfaroeislands.com/dansk/nyheder/efterlysning/">Continue reading <span class="meta-nav">&rarr;</span></a></p>
